ighest common factor of 416 and 13?
13
What is the greatest common divisor of 119 and 3315?
17
Calculate the greatest common divisor of 391 and 34.
17
What is the greatest common divisor of 34 and 6205?
17
Calculate the highest common divisor of 198 and 286.
22
Calculate the greatest common divisor of 851 and 46.
23
Calculate the greatest common divisor of 280 and 40.
40
Calculate the greatest common factor of 222 and 555.
111
What is the greatest common factor of 20 and 25?
5
Calculate the greatest common divisor of 20 and 7690.
10
Calculate the greatest common factor of 39 and 7306.
13
What is the highest common divisor of 38 and 19456?
38
What is the highest common factor of 1147 and 434?
31
What is the highest common divisor of 189 and 42?
21
What is the greatest common factor of 5537 and 113?
113
Calculate the highest common divisor of 506 and 66.
22
Calculate the highest common factor of 8 and 13312.
8
What is the greatest common divisor of 959 and 137?
137
Calculate the highest common divisor of 9 and 9.
9
What is the greatest common divisor of 1242 and 36?
18
What is the greatest common divisor of 210 and 40?
10
What is the highest common divisor of 8892 and 78?
78
Calculate the greatest common divisor of 12 and 276.
12
Calculate the greatest common factor of 38 and 38.
38
Calculate the highest common factor of 16 and 76.
4
Calculate the greatest common divisor of 133 and 371.
7
What is the greatest common divisor of 165 and 105?
15
Calculate the highest common divisor of 1467 and 18.
9
Calculate the greatest common factor of 190 and 40.
10
Calculate the highest common factor of 165 and 220.
55
Calculate the highest common factor of 88 and 16148.
44
Calculate the highest common factor of 2928 and 80.
16
What is the greatest common factor of 15 and 330?
15
Calculate the greatest common divisor of 323 and 95.
19
What is the highest common factor of 847 and 140?
7
What is the greatest common factor of 558 and 124?
62
Calculate the highest common factor of 259 and 133.
7
Calculate the highest common factor of 232 and 184.
8
What is the greatest common divisor of 9 and 129?
3
Calculate the highest common factor of 252 and 2142.
126
Calculate the greatest common factor of 536 and 36.
4
What is the greatest common divisor of 10 and 60?
10
Calculate the highest common divisor of 5401 and 11.
11
What is the highest common divisor of 7 and 4039?
7
What is the greatest common divisor of 5589 and 675?
27
Calculate the highest common factor of 14 and 6839.
7
What is the highest common factor of 368 and 23?
23
What is the greatest common divisor of 119580 and 60?
60
Calculate the greatest common divisor of 3 and 7041.
3
Calculate the greatest common divisor of 1085 and 35.
35
Calculate the highest common divisor of 33 and 6.
3
Calculate the highest common factor of 12 and 348.
12
What is the greatest common factor of 1299 and 3?
3
What is the greatest common factor of 51529 and 227?
227
What is the highest common factor of 140 and 1460?
20
Calculate the highest common factor of 8 and 56.
8
What is the greatest common divisor of 470 and 20?
10
What is the highest common divisor of 675 and 1755?
135
What is the greatest common divisor of 10 and 70?
10
Calculate the greatest common factor of 4 and 788.
4
Calculate the greatest common divisor of 66 and 66.
66
Calculate the greatest common divisor of 189 and 216.
27
What is the highest common factor of 480 and 420?
60
What is the highest common divisor of 39058 and 118?
118
Calculate the greatest common factor of 6831 and 54.
27
Calculate the highest common divisor of 72 and 312.
24
Calculate the greatest common factor of 1157 and 445.
89
Calculate the greatest common divisor of 4462 and 291.
97
Calculate the highest common factor of 153 and 85.
17
What is the highest common divisor of 1267 and 1448?
181
Calculate the greatest common divisor of 1269 and 27.
27
What is the highest common divisor of 16 and 68?
4
Calculate the greatest common divisor of 155 and 31.
31
Calculate the greatest common divisor of 64 and 4.
4
What is the greatest common divisor of 44 and 308?
44
What is the highest common divisor of 6407 and 86?
43
Calculate the highest common factor of 70 and 2090.
10
What is the greatest common divisor of 832 and 13?
13
Calculate the highest common factor of 498 and 54.
6
Calculate the greatest common divisor of 1 and 25.
1
Calculate the greatest common factor of 23 and 23437.
23
Calculate the greatest common divisor of 21 and 330.
3
What is the highest common divisor of 468 and 2691?
117
Calculate the greatest common factor of 11 and 1826.
11
Calculate the highest common factor of 20779 and 22.
11
Calculate the highest common factor of 98 and 17.
1
Calculate the greatest common divisor of 525 and 84.
21
Calculate the greatest common factor of 2618 and 1547.
119
Calculate the greatest common divisor of 348 and 2349.
87
Calculate the greatest common divisor of 304 and 16.
16
Calculate the greatest common factor of 81 and 45.
9
Calculate the greatest common divisor of 476 and 28.
28
What is the greatest common factor of 66 and 22?
22
What is the greatest common factor of 126 and 1008?
126
What is the highest common factor of 19008 and 22?
22
Calculate the highest common divisor of 13 and 351.
13
What is the highest common factor of 168 and 210?
42
Calculate the highest common divisor of 18 and 531.
9
Calculate the greatest common factor of 100 and 675.
25
What is the highest common divisor of 1188 and 154?
22
Calculate the highest common divisor of 15 and 25.
5
Calculate the greatest common divisor of 195 and 3.
3
What is the greatest common factor of 594 and 3618?
54
What is the greatest common divisor of 5268 and 12?
12
Calculate the greatest common factor of 207 and 46.
23
What is the greatest common factor of 27 and 1899?
9
What is the greatest common divisor of 29 and 28594?
29
Calculate the greatest common divisor of 760 and 304.
152
What is the highest common factor of 562 and 4?
2
Calculate the highest common divisor of 764 and 4.
4
Calculate the highest common divisor of 26 and 2.
2
Calculate the greatest common divisor of 30 and 7710.
30
Calculate the highest common factor of 1862 and 38.
38
What is the highest common factor of 28 and 70?
14
What is the highest common divisor of 6 and 2538?
6
What is the greatest common divisor of 42 and 308?
14
What is the greatest common factor of 96 and 564?
12
What is the greatest common factor of 230 and 50?
10
What is the highest common factor of 13904 and 176?
176
What is the greatest common divisor of 28 and 3584?
28
What is the highest common divisor of 204 and 561?
51
Calculate the highest common divisor of 2657 and 3.
1
Calculate the highest common factor of 1722 and 5.
1
Calculate the greatest common divisor of 44 and 121.
11
What is the greatest common divisor of 186 and 9?
3
Calculate the highest common factor of 112 and 92.
4
What is the greatest common factor of 2950 and 150?
50
What is the highest common divisor of 85 and 2720?
85
What is the highest common factor of 22 and 671?
11
Calculate the highest common divisor of 20358 and 18.
18
Calculate the greatest common divisor of 570 and 456.
114
Calculate the greatest common factor of 33 and 9.
3
Calculate the highest common factor of 15 and 9.
3
What is the greatest common factor of 112 and 7?
7
What is the highest common factor of 38 and 114?
38
What is the greatest common factor of 12 and 69?
3
Calculate the highest common divisor of 767 and 59.
59
What is the highest common factor of 660 and 605?
55
What is the highest common factor of 117 and 9?
9
Calculate the greatest common factor of 2 and 10.
2
What is the greatest common divisor of 176 and 18?
2
Calculate the greatest common divisor of 46 and 14.
2
What is the greatest common divisor of 44 and 209?
11
Calculate the highest common factor of 81 and 126.
9
Calculate the greatest common divisor of 360 and 1112.
8
Calculate the greatest common divisor of 80 and 140.
20
What is the greatest common divisor of 511 and 146?
73
What is the greatest common divisor of 90 and 60?
30
Calculate the highest common divisor of 39 and 246.
3
Calculate the highest common divisor of 133 and 77.
7
Calculate the greatest common divisor of 830 an